y(q) = -6*q**3 - 4*q**2 - 9*q - 13. Let o be y(-8). Suppose 4*g = 29*g - o. Calculate the remainder when g is divided by 54.
7
Let q(c) = 5*c**2 - 5*c - 7. Let g be q(-3). Suppose 4*t = g + 251. Let j = -4 + t. What is the remainder when j is divided by 15?
12
Suppose a + 2*y = 23, a + 4*y - 29 = -0*y. What is the remainder when 6714 is divided by a?
16
Suppose 23 + 1 = 3*y. Suppose 12*t - y*t + 2*o = 726, 2*o = 10. Let j = 28 + -2. Calculate the remainder when t is divided by j.
23
Let k be 343480/(-80) + (-5)/(-2). What is the remainder when 2/3 + k/(-21) is divided by 26?
23
Suppose 0 = -179*v + 186*v - 1099. What is the remainder when 478 is divided by v?
7
Let f = 4358 - 4210. Calculate the remainder when 487 is divided by f.
43
Suppose 5*i - 5*v - 820 = 0, 5*v - 61 = -i + 127. Calculate the remainder when i + 3*4*(-2)/(-24) is divided by 19.
17
Let p = 5903 + -4320. Calculate the remainder when p is divided by 15.
8
Suppose 138 = -3*o - 45. Let c be 489/(-4) - ((-8487)/164)/(-69). Let d = o - c. What is the remainder when d is divided by 13?
10
Let x(y) = -y**3 + y**2 - 28*y - 411. Calculate the remainder when x(-9) is divided by 325.
1
Let n(s) = -2*s - 5. What is the remainder when -12*(-8)/16 - (-314)/1 is divided by n(-14)?
21
Suppose 4*u = 52 + 92. Calculate the remainder when 141 + (6 - (-1 + 8 + -2)) is divided by u.
34
Suppose -374*l + 382*l = 200. What is the remainder when 492 is divided by ((-170)/l)/((-6)/75*5)?
16
Let k = -234 - -218. What is the remainder when k/(-8)*(3 + -1) is divided by 3?
1
Suppose 0 = 5*x - 2*n - 1397, -4*n - 7 = -x + 276. Let t = 292 - x. What is the remainder when t is divided by (-4 + -2)/((-3)/4)?
5
Suppose -14*g = -145 - 331. Calculate the remainder when 96 is divided by g.
28
Suppose 480 = 28*h - 18*h. Suppose 3*k + 113 = 2*l, 0 = 4*l - 0*k + 3*k - 181. Let a = -24 + l. Calculate the remainder when h is divided by a.
23
Let p(c) = -56*c - 349. Calculate the remainder when p(-19) is divided by 26.
13
Suppose -4*y + 2*x + 56 = 0, -20*x = -24*x + 8. Calculate the remainder when 88 is divided by y.
13
Let f = -241 + 159. Let g = 55 - f. Calculate the remainder when g is divided by 10.
7
Suppose 6*b = 20*b + 196. Let t(q) = -17*q - 51. Suppose 8 = -c + 35. Calculate the remainder when t(b) is divided by c.
25
Suppose 2*b - 8 = -0*b. Suppose b*u + 78 = 10*u. What is the remainder when 36 is divided by u?
10
Let w(j) = 2*j**3 - 3*j**2 + 13*j**2 - 5*j + 4 - j**3. Calculate the remainder when w(-7) is divided by 27.
24
Let w(n) = -n**3 - 5*n**2 - n + 4. Let z be w(-5). Suppose -z*f + 8*f + 15 = 0. What is the remainder when 41 is divided by 12 + f/(-5) + 5?
13
Let k = 17 + 7. Suppose 4*y - 1669*l + 1666*l = 159, -113 = -3*y + l. What is the remainder when y is divided by k?
12
Let m(t) = 2*t**2 - 30*t - 30. Let l be m(16). Suppose 0 = -6*w - l*w + 2096. What is the remainder when w is divided by 53?
50
Let l(n) = -30*n - 557. Calculate the remainder when 309 is divided by l(-23).
43
Let o be (0 - -2)*(-120)/16. Let k be 12/(-90) - 3602/o. Let q = k - 167. What is the remainder when q is divided by 19?
16
Let q = 290 + -278. Calculate the remainder when 19 is divided by 5/3 + (-8)/q.
0
Suppose 5*t = 4*t + 256. Let i = -62330 + 62395. What is the remainder when t is divided by i?
61
Let u = 8401 + -8253. What is the remainder when 321 is divided by u?
25
Calculate the remainder when 3314 is divided by 12 - (2658/(-10) - 604/(-755)).
267
Let y(f) = f**2 + f - 1. Let o(z) = -5*z**2 + 16*z - 147. Let w(s) = o(s) + 6*y(s). What is the remainder when 1331 is divided by w(-28)?
11
Let c = -1832 - -1962. Calculate the remainder when 518 is divided by c.
128
Let p = 153 - 153. Suppose p = -15*g + 312 - 12. What is the remainder when 70 is divided by g?
10
Suppose 0 = 372*q - 381*q + 45. Suppose -j = -q, -7*u = -3*u + 5*j - 937. What is the remainder when u is divided by 18?
12
Let h be (-12 - (-11 - -1))*(-2 - -1). What is the remainder when (1338/18 + -7)*(1 + h) is divided by 41?
38
Suppose 0 = 7*f - 16*f - 11*f + 2400. What is the remainder when f is divided by 49?
22
Let k be (-184)/6*(-15)/10. Suppose r = k + 32. Suppose -50*c = -48*c - r. Calculate the remainder when c is divided by 15.
9
Let t(c) be the second derivative of c**4/12 - 4*c**3/3 - 26*c**2 + 38*c. What is the remainder when 52 is divided by t(13)?
0
Let l = -170 - -789. Let k = 635 - l. Calculate the remainder when 191 is divided by k.
15
Let o = -343 - -371. Suppose -95 = -o*b + 45. What is the remainder when 17 is divided by b?
2
Suppose 4*z = -5*c + 2581, -5*c + c + 20 = 0. What is the remainder when z is divided by 47?
28
Let m(i) = 2 + 9 + 26 - i + 1 - 7. Suppose 5*z - 10 = r + 7, 4*z - 3*r = 7. Calculate the remainder when 105 is divided by m(z).
24
Let c = -2032 + 2194. What is the remainder when c is divided by 12?
6
Suppose 0 = 493*g - 819 - 1646. What is the remainder when 1143 is divided by g?
3
Let k = -1789 - -1818. Let u = 8 - 0. What is the remainder when k is divided by u?
5
Calculate the remainder when 309 + 30/45 + (-10)/(-3) is divided by 24.
1
Let r(p) = -33 + 4*p - p - p. Let w be -2*90/75*25/(-3). What is the remainder when 39 is divided by r(w)?
4
Calculate the remainder when 417 is divided by (2378/(-145))/(((-1)/(-10))/((-21)/42)).
7
Let d(k) = 18*k + 8*k - k**3 - 27*k**2 - 77 + 0*k - 6*k + 5*k. Calculate the remainder when 7 is divided by d(-28).
0
Suppose -4*g = 3*w - 81, 4*g = g + 2*w + 65. Suppose 0 = 3*d - 12*d - 11*d + 1620. What is the remainder when d is divided by g?
18
Let j = -24 - -86. Let i = j + -58. Calculate the remainder when 37 is divided by i.
1
Let u = -84 - -98. Calculate the remainder when (16/12)/((-84)/(-14049)) is divided by u.
13
Let k be (6/(-9))/(4/(-30)). Suppose 3*y - 3*d - 123 = 0, -4*y - k*d - 52 = -171. Let t = y - 29. What is the remainder when 60 is divided by t?
4
Suppose 10890 = -59*w + 114*w. Calculate the remainder when 8511 is divided by w.
195
Calculate the remainder when ((576/(-4))/2)/(50/(-75)) is divided by 37.
34
Suppose -3*v + 5*b + 63 = 0, -5*b = -14*v + 9*v + 85. Calculate the remainder when 3386 is divided by v.
9
Let v(n) = 2*n + 28. Let t = 49 + -50. Let z be t*(9 + (1 - 0 - 1)). Calculate the remainder when 37 is divided by v(z).
7
Let a = 2608 + -2600. Calculate the remainder when 3550 is divided by a.
6
Suppose 21 = 6*m - 7*m. Calculate the remainder when -5*((-6)/(-15))/(1/m) is divided by (-1)/(-2)*(-1332)/(-37).
6
Suppose -16*b + 206 = 62. Let i(a) = 3*a + a**2 + 5 + 2*a + 0 - 3*a. What is the remainder when i(4) is divided by b?
2
Suppose -s - 18 = -66. Let c = -2011 - -2001. What is the remainder when 27 is divided by 140/42*s/c*-1?
11
Let r = 7052 + -7049. What is the remainder when 2482 is divided by r?
1
Let l(y) = 7*y + 366. Let b be l(-47). Let n be (-4)/(-5)*(-155)/(-2). Let c = n - b. Calculate the remainder when 95 is divided by c.
20
Let u(z) = 2794*z - 463. Calculate the remainder when u(1) is divided by 181.
159
Let d = -23 - -21. Let p be -1*(-3 - d)*-1. Calculate the remainder when 91 is divided by -4 - (-27 + p) - 0.
19
Let b = 8 - -23. Suppose -4*n - 5*x = -93, 25 = n + 2*x + x. Suppose 5*v - 33 = n. What is the remainder when b is divided by v?
9
Let a(j) = 914*j**2 + 166*j. Calculate the remainder when a(-1) is divided by 156.
124
Suppose 0 = 11*p + 882 + 1274. Let j = p + 203. Calculate the remainder when 12 is divided by j.
5
Suppose -4*v + 5*f = -7282, 5*v = 38*f - 43*f + 9170. Calculate the remainder when v is divided by 55.
13
Let f be 9*(-1 + 2)/((-3)/2). Let n be 21/f + 3 + 130/4. Let u = -25 + n. What is the remainder when 12 is divided by u?
5
Suppose -3*k - 111 = -3*a, 4*a - 4*k - 168 = -5*k. Suppose -41 = -3*r + 2*c, -c + 0 = 4. Calculate the remainder when a is divided by r.
8
Let g be (-875)/(-15) + 2 + 4/(-3). Let s = g + 6. What is the remainder when 250 is divided by s?
55
Let f(l) = -l**2 - 42*l + 1269. Calculate the remainder when f(-55) is divided by 33.
26
Let f(v) = -3*v - 4. Let m be f(-3). Let t(z) = 93*z - 2. Let s(i) = 46*i - 1. Let w(b) = m*s(b) - 2*t(b). What is the remainder when w(1) is divided by 11?
10
Suppose 3*k = 3*y + 6879, k + 2*y - 3305 = -1024. Calculate the remainder when k is divided by 10.
9
Let t = 